3).
11
Suppose -4*s - s = 4*f + 40, -3*f = -3*s + 3. Let o = -2 - f. Let h(r) = o*r**2 + 4*r**3 + 4 + r - 5*r - 3*r**3. What is h(-4)?
4
Let m(n) = -19*n + 11. Let q(l) = 9*l - 5. Let z(j) = -6*m(j) - 13*q(j). Let r(w) = w**3 + w**2 + 10*w + 44. Let b be r(-3). Determine z(b).
11
Suppose q + 3 = -2*p, 15 = -5*q + 3*p + 2*p. Let j(i) = 12*i**2 - 45*i + 22. Let m(c) = -4*c**2 + 13*c - 7. Let l(v) = -3*j(v) - 10*m(v). What is l(q)?
25
Let w(z) = -z**2 + z - 2. Let u(n) = -10*n**3 - 4*n**2 + 4*n - 8. Let t(s) = u(s) - 4*w(s). Calculate t(1).
-10
Let o(w) = w**3 - 20*w**2 - 19*w - 50. Suppose 2*q = -10*c + 8*c + 40, -2*q + 5*c + 47 = 0. Determine o(q).
-8
Let p(o) = o**2 - 3. Suppose 3*z + 2*z - 120 = 0. Suppose 0 = -3*j - 15 + z. Give p(j).
6
Let f(c) = -2*c**2 + 2*c + 1. Let t be f(1). Let g(z) = -10*z + 5*z + 1 - 3*z - 2*z. What is g(t)?
-9
Let z(j) = 3 + 0*j**2 - j**2 + 6*j + 5. Let g = 15 + -15. Suppose 0 = -f + 4*i - 2, 3*i = -g*i + 6. Determine z(f).
8
Suppose -4*p + 3*p - 35 = 5*f, -5*f - 35 = 5*p. Let n(c) = 8 + 3 - 4 - c**2 - 7*c. Calculate n(f).
7
Suppose 3*c = 9, 14*t = 15*t - 2*c + 8. Let b(d) = -d**3 + d - 1. Calculate b(t).
5
Let k be (-1)/4 + 1/4. Let w be 3 - 41/13 - 6/(-39). Suppose 5*g - 3*h + 35 = 0, k = -g + 5*h - w*h - 29. Let v(y) = y + 7. Calculate v(g).
3
Let z(p) = 5*p + 1. Let x(g) = g**2 - 6*g + 1. Let t(j) = -j**3 + 5*j**2 - 4*j + 6. Let w be t(4). Let c be x(w). What is z(c)?
6
Let a(q) = 2*q**2 - 5*q + 26. Let l(j) = 5*j - j**2 + 0*j - 2*j + 7 - 20. Let s(m) = -4*a(m) - 9*l(m). Let v(h) be the first derivative of s(h). What is v(7)?
7
Let r(n) = 3*n**3 + n**2 + 7*n + 6. Let v(k) = 4*k**3 + 8*k + 6. Let m be (-2 - (4 + -1))/(0 - -1). Let s(q) = m*r(q) + 4*v(q). Give s(6).
12
Let k(j) = -j**2 - j - 9. Let u(i) be the second derivative of 3*i**5/20 - 5*i**4/6 + i**3/2 - 36*i. Let z be u(3). Determine k(z).
-9
Let q(o) = -o**2 + 2*o + 4. Let b be q(3). Let s(l) be the first derivative of -14 - 3/2*l**2 - l. Determine s(b).
-4
Let u(n) = 6*n + 234 - n**2 - n + 13*n - 241. Give u(17).
10
Let b(p) be the second derivative of -p**3 + 0 - 25*p - 1/12*p**4 - 5/2*p**2. Let t be -5 + 2 + -2 + -1. Give b(t).
-5
Let d(t) be the second derivative of -3*t**5/10 - t**2/2 - 2361*t. Let s = 2 + -1. What is d(s)?
-7
Suppose -o - 2*o + m = -47, o = -5*m - 11. Suppose -4*g - 6 = -o. Let w(j) = 5 + j - 8*j**g + 6*j**2 - 4. Give w(-2).
-9
Let n(j) = j + 4. Let t be 148/28 + 14/(-49). Determine n(t).
9
Let o(v) = 2*v**2 + 2*v - 7. Let i be 0*(-1)/(-7 + 42/7). Calculate o(i).
-7
Let l(i) = 3. Let o(y) = 1. Let v(d) = l(d) - 4*o(d). Let f(p) = p**2 - 3*p + 1. Let x(q) = -f(q) - v(q). Give x(3).
0
Suppose -2*l = -u - 6, -2*u - l - 1 - 11 = 0. Let m(o) = o**2 - 21*o + 39. Let f be m(19). Let i(g) = -f + 6*g**2 - 27*g + 7 + g**3 - 23*g + 51*g. What is i(u)?
0
Let s(z) = 3 + 3*z**2 + z**2 - 6*z + 13*z - 3*z**2. Suppose -12 = -8*r + 4*r. Suppose 2*w + 31 = -5*l - w, 0 = -r*w - 6. Calculate s(l).
-7
Let k(m) = -4 - 5 - m**2 - 72*m + 62*m. Give k(-12).
-33
Let t(h) = -2*h + 26. Let q be t(17). Let n(r) = -r**2 - 10*r - 5. Determine n(q).
11
Let n(m) be the first derivative of -1/2*m**2 + 4 + 3*m. Suppose 0 = -2*r - 2, -2*u - r - 6 = -17. Calculate n(u).
-3
Let t(n) be the third derivative of 0 + 0*n + 1/120*n**6 + 0*n**4 - 13*n**2 - 4/3*n**3 - 7/60*n**5. What is t(7)?
-8
Let w(u) = u. Let x(m) be the first derivative of 3*m**2/2 + 6*m - 10. Let z(s) = 4*w(s) - x(s). Suppose 2*n + 2*n = 28. Give z(n).
1
Let i(l) = l**2 - 6*l + 5. Let f(w) = 2*w**3 + 2*w**2 + 2*w - 2. Let q be f(1). What is i(q)?
-3
Suppose -5*y + 22 = 7. Suppose 4*t = -k + 14, t - y*t - 2 = -4*k. Let c(z) = 3426 + 5*z**2 - 3427 - 11*z**2 + z**2 + 4*z**2. Determine c(k).
-5
Let x(l) be the first derivative of l**4/4 - 7*l**3/3 - l**2 + 8*l - 27. What is x(6)?
-40
Let h be ((-10)/(-16)*2)/((-6)/24). Let a(n) be the second derivative of n**4/12 + 2*n**3/3 - n**2 - 5*n. Give a(h).
3
Let y be (-8)/(-28) - (-66)/14. Suppose -y*c - 3*v = 57 + 14, c - 3*v = -25. Let q = -14 - c. Let t(r) = -r - 2. Determine t(q).
-4
Let q(t) = -8*t + 2. Let u(b) = -b**3 - 5*b**2 + b - 4. Let z be u(-3). Let c = z + 27. Determine q(c).
-14
Let a(l) = l**2 + 32*l + 225. Let r be a(-10). Let h(c) = 2*c**2 - 8*c + 5. Give h(r).
15
Let u(g) = g**3 - 7*g**2 + 9*g - 19. Let q be u(6). Let k(z) = -4*z - 10. Let p(v) = -1. Let l(h) = q*k(h) + 5*p(h). Give l(-5).
-15
Let f(s) = 29*s - 10. Let g(w) = 188*w - 64. Let b(h) = -32*f(h) + 5*g(h). Let d(n) = -2*n + 15. Let t be d(8). What is b(t)?
-12
Let y(o) be the first derivative of -3*o**2/2 + 49*o - 333. Give y(18).
-5
Let l(v) be the third derivative of -v**5/60 + 7*v**4/24 - 3*v**3/2 - 367*v**2. Suppose t + k = 6*k - 9, 5*t = -3*k + 39. What is l(t)?
-3
Let b be (2 - 0)/(4/(-6)). Let q(j) be the second derivative of j**4/12 + 5*j**3/6 + 3*j**2/2 + 621*j. Determine q(b).
-3
Let h(l) = -2*l - 13. Let c be 35/(-11) + -6 - 4/(-22). Determine h(c).
5
Let j be 2 + (-10)/((-160)/(-24)). Let s(c) be the second derivative of 0*c**2 + 4*c - j*c**3 - 1/6*c**4 + 0 + 1/20*c**5. What is s(3)?
0
Let b(j) = 13*j - 7*j + 1 + 8 - 7*j. Determine b(11).
-2
Let v(p) = -p**3 - p**2 + 4*p + 4. Suppose 3*h = 5*h - 22. Let i = 5 - h. Let u = i + 3. Give v(u).
10
Let q(i) be the second derivative of -i**3/2 + 3*i**2/2 + 18*i. Let p(c) = 5*c**2. Let v be p(-2). Suppose 7*r - 2*r - v = 0. What is q(r)?
-9
Let k = 6 - 5. Let a(o) = 2*o + 4*o - 5*o - k - o**2. Suppose 0 = 4*j - 8*j + 8. Give a(j).
-3
Let i(p) = p**3 + p**2 + p - 2. Suppose 0 = 17*s - 15*s + 144. Let q be 1/5 - s/15. Suppose k + q*u = -k, -3*u = 0. Give i(k).
-2
Suppose 0 = -0*h - 5*h + 30. Let y(l) be the first derivative of l**4/4 - 2*l**3 + 3*l - 36. Calculate y(h).
3
Let w(x) = 7*x**2 + 3*x + 4. Let t(j) = -4*j**2 - j - 1. Let o(p) = -5*t(p) - 3*w(p). Suppose -b - 21 = 4*n, -3*n + 4*b + b = 10. Calculate o(n).
-12
Let p be -10*(7 + 10/8*-6). Let k(d) = d**2 - 2*d - 1. Calculate k(p).
14
Let n(j) = j + 1. Let o = -578 - -580. Determine n(o).
3
Let x(g) = -g**2 - 10*g - 1. Suppose -36 = 4*t + 13*a - 17*a, 54 = -5*t + 2*a. Determine x(t).
-25
Let h be 14/1 - 0/(-2). Let k = h + -11. Let y(z) = -6*z**2 + 3*z - z**k + 4*z**3 + z - 2*z**3 - 2. Determine y(5).
-7
Let w(z) = z + 1. Let i(g) = -g**3 + g**2 - g + 1. Let l be 105/6 - 4/(-8). Let q = -17 + l. Let c(f) = q*i(f) + w(f). Determine c(2).
-2
Let m = -1 + -3. Let r(d) be the second derivative of -d**5/20 - d**4/3 + d**3/2 + 3*d**2/2 + 2*d + 5. What is r(m)?
-9
Suppose -18 = -2*l - 0. Let i(o) = 5*o - 20*o + l*o - 1 + 5*o. What is i(-3)?
2
Let a(n) be the second derivative of n**5/2 + n**4/12 - n**2/2 - 390*n. Let j = 3 - 4. What is a(j)?
-10
Let f(m) = -6*m - 1. Let a(n) = 8*n + 2. Let t(s) = -2*a(s) - 3*f(s). Give t(-2).
-5
Let b(y) = -2*y**2 + 5*y + 7. Let q be b(-2). Let i(p) = p + 7. Determine i(q).
-4
Let z be (-4)/6 + 10/6. Let w(m) be the second derivative of -9*m**5/20 - m**4/12 + m**3/6 + 1060*m - 1. Give w(z).
-9
Let t(l) be the first derivative of -l**4/4 - 2*l**3 - 7*l**2/2 + l + 3. Let f(h) = h**3 + h**2 - 4*h + 1. Let w = -1 - 2. Let a be f(w). Calculate t(a).
11
Let g = 590 - 591. Let u(y) = 5*y**2 + y + 1. Give u(g).
5
Suppose 2*f = -1 - 7, 5*d + 2*f + 38 = 0. Let x(y) = -y**3 - 14*y**2 - 13*y + 7. Let l be x(-13). Let a(n) = l*n + n + 12 + n**2 - 6. Calculate a(d).
-6
Let p(h) = -6*h - 82. Let b be p(-14). Let o(v) be the third derivative of 0*v**5 - 1/24*v**4 + 1/8*v**6 + 0*v + 1/6*v**3 + 0 + 5*v**b. Calculate o(1).
15
Suppose -3*v = 4*q + 14, -4*v + 8 = -4*q - 20. Let n be (2 + 0 + -1)*q. Let h(f) = 8 - 5*f**2 - 1 - 2 - f**3 + 2*f. Give h(n).
-5
Let n(u) be the third derivative of u**6/120 - 3*u**5/20 - 5*u**4/12 - u**3/2 + 77*u**2. Give n(10).
-3
Let i(m) = 2*m + 1. Let r(t) be the second derivative of -t**3/3 + 12*t. Let o(u) = -3*i(u) - 4*r(u). Determine o(4).
5
Let t(y) = -5*y + 8*y - 4*y. Suppose 8*j - 7*j + 3 = 0. Determine t(j).
3
Let k be (-2)/(-5) - (-4)/(-10). Let t be (k + (-6)/9)*-6. Suppose t*o + 5 = -o. Let a(s) = 2*s**3 - 1. What is a(o)?
-3
Let x be 14/28 - (-19)/2. Suppose -4*m - 6 = x. Let q(p) = -p**2 - 2*p - 2. Give q(m).
-10
Let s be 14/3 + 1 - 26/39. Suppose -s = -2*f - 5*b - 13, 0 = 3*b. Let c(v) = 2*v. Determine c(f).
-8
Let w(r) be